{"id":19,"date":"2022-09-12T15:38:38","date_gmt":"2022-09-12T13:38:38","guid":{"rendered":"https:\/\/cityice.pl\/?page_id=19"},"modified":"2022-09-15T18:11:54","modified_gmt":"2022-09-15T16:11:54","slug":"o-nas","status":"publish","type":"page","link":"https:\/\/cityice.pl\/?page_id=19","title":{"rendered":"O nas"},"content":{"rendered":"\t\t<div data-elementor-type=\"wp-page\" data-elementor-id=\"19\" class=\"elementor elementor-19\">\n\t\t\t\t\t\t\t\t\t<section class=\"ob-is-breaking-bad elementor-section elementor-top-section elementor-element elementor-element-18c70e8 elementor-section-boxed elementor-section-height-default elementor-section-height-default\" data-id=\"18c70e8\" data-element_type=\"section\" data-settings=\"{&quot;_ob_bbad_use_it&quot;:&quot;yes&quot;,&quot;_ob_bbad_sssic_use&quot;:&quot;no&quot;,&quot;_ob_glider_is_slider&quot;:&quot;no&quot;}\">\n\t\t\t\t\t\t<div class=\"elementor-container elementor-column-gap-default\">\n\t\t\t\t\t<div class=\"elementor-column elementor-col-100 elementor-top-column elementor-element elementor-element-a49d498\" data-id=\"a49d498\" data-element_type=\"column\" data-settings=\"{&quot;_ob_bbad_is_stalker&quot;:&quot;no&quot;,&quot;_ob_teleporter_use&quot;:false,&quot;_ob_column_hoveranimator&quot;:&quot;no&quot;,&quot;_ob_column_has_pseudo&quot;:&quot;no&quot;}\">\n\t\t\t<div class=\"elementor-widget-wrap elementor-element-populated\">\n\t\t\t\t\t\t\t\t<section class=\"ob-is-breaking-bad ob-bb-inner elementor-section elementor-inner-section elementor-element elementor-element-84b1e21 elementor-section-full_width elementor-section-height-default elementor-section-height-default\" data-id=\"84b1e21\" data-element_type=\"section\" data-settings=\"{&quot;_ob_bbad_use_it&quot;:&quot;yes&quot;,&quot;_ob_bbad_sssic_use&quot;:&quot;no&quot;,&quot;_ob_glider_is_slider&quot;:&quot;no&quot;}\">\n\t\t\t\t\t\t<div class=\"elementor-container elementor-column-gap-default\">\n\t\t\t\t\t<div class=\"elementor-column elementor-col-50 elementor-inner-column elementor-element elementor-element-1a302c5\" data-id=\"1a302c5\" data-element_type=\"column\" data-settings=\"{&quot;_ob_bbad_is_stalker&quot;:&quot;no&quot;,&quot;_ob_teleporter_use&quot;:false,&quot;_ob_column_hoveranimator&quot;:&quot;no&quot;,&quot;_ob_column_has_pseudo&quot;:&quot;no&quot;}\">\n\t\t\t<div class=\"elementor-widget-wrap elementor-element-populated\">\n\t\t\t\t\t\t\t\t<div class=\"elementor-element elementor-element-9e96b4c ob-has-background-overlay elementor-widget elementor-widget-image\" data-id=\"9e96b4c\" data-element_type=\"widget\" data-settings=\"{&quot;_ob_photomorph_use&quot;:&quot;no&quot;,&quot;_ob_perspektive_use&quot;:&quot;no&quot;,&quot;_ob_poopart_use&quot;:&quot;yes&quot;,&quot;_ob_shadough_use&quot;:&quot;no&quot;,&quot;_ob_allow_hoveranimator&quot;:&quot;no&quot;,&quot;_ob_widget_stalker_use&quot;:&quot;no&quot;}\" data-widget_type=\"image.default\">\n\t\t\t\t<div class=\"elementor-widget-container\">\n\t\t\t<style>\/*! elementor - v3.7.6 - 15-09-2022 *\/\n.elementor-widget-image{text-align:center}.elementor-widget-image a{display:inline-block}.elementor-widget-image a img[src$=\".svg\"]{width:48px}.elementor-widget-image img{vertical-align:middle;display:inline-block}<\/style>\t\t\t\t\t\t\t\t\t\t\t\t<img loading=\"lazy\" decoding=\"async\" width=\"400\" height=\"496\" src=\"https:\/\/cityice.pl\/wp-content\/uploads\/2022\/09\/icemany.jpg\" class=\"attachment-large size-large\" alt=\"\" srcset=\"https:\/\/cityice.pl\/wp-content\/uploads\/2022\/09\/icemany.jpg 400w, https:\/\/cityice.pl\/wp-content\/uploads\/2022\/09\/icemany-242x300.jpg 242w\" sizes=\"auto, (max-width: 400px) 100vw, 400px\" \/>\t\t\t\t\t\t\t\t\t\t\t\t\t\t\t<\/div>\n\t\t\t\t<\/div>\n\t\t\t\t\t<\/div>\n\t\t<\/div>\n\t\t\t\t<div class=\"elementor-column elementor-col-50 elementor-inner-column elementor-element elementor-element-9b4a0cb\" data-id=\"9b4a0cb\" data-element_type=\"column\" data-settings=\"{&quot;_ob_bbad_is_stalker&quot;:&quot;no&quot;,&quot;_ob_teleporter_use&quot;:false,&quot;_ob_column_hoveranimator&quot;:&quot;no&quot;,&quot;_ob_column_has_pseudo&quot;:&quot;no&quot;}\">\n\t\t\t<div class=\"elementor-widget-wrap elementor-element-populated\">\n\t\t\t\t\t\t\t\t<div class=\"elementor-element elementor-element-5e50baf ob-harakiri-inherit ob-has-background-overlay elementor-widget elementor-widget-heading\" data-id=\"5e50baf\" data-element_type=\"widget\" data-settings=\"{&quot;_ob_use_harakiri&quot;:&quot;yes&quot;,&quot;_ob_harakiri_writing_mode&quot;:&quot;inherit&quot;,&quot;_ob_harakiri_text_clip&quot;:&quot;none&quot;,&quot;_ob_perspektive_use&quot;:&quot;no&quot;,&quot;_ob_poopart_use&quot;:&quot;yes&quot;,&quot;_ob_shadough_use&quot;:&quot;no&quot;,&quot;_ob_allow_hoveranimator&quot;:&quot;no&quot;,&quot;_ob_widget_stalker_use&quot;:&quot;no&quot;}\" data-widget_type=\"heading.default\">\n\t\t\t\t<div class=\"elementor-widget-container\">\n\t\t\t<style>\/*! elementor - v3.7.6 - 15-09-2022 *\/\n.elementor-heading-title{padding:0;margin:0;line-height:1}.elementor-widget-heading .elementor-heading-title[class*=elementor-size-]>a{color:inherit;font-size:inherit;line-height:inherit}.elementor-widget-heading .elementor-heading-title.elementor-size-small{font-size:15px}.elementor-widget-heading .elementor-heading-title.elementor-size-medium{font-size:19px}.elementor-widget-heading .elementor-heading-title.elementor-size-large{font-size:29px}.elementor-widget-heading .elementor-heading-title.elementor-size-xl{font-size:39px}.elementor-widget-heading .elementor-heading-title.elementor-size-xxl{font-size:59px}<\/style><h2 class=\"elementor-heading-title elementor-size-default\">NAZYWALI MNIE<\/h2>\t\t<\/div>\n\t\t\t\t<\/div>\n\t\t\t\t<div class=\"elementor-element elementor-element-264dbd9 ob-harakiri-inherit ob-has-background-overlay elementor-widget elementor-widget-heading\" data-id=\"264dbd9\" data-element_type=\"widget\" data-settings=\"{&quot;_ob_use_harakiri&quot;:&quot;yes&quot;,&quot;_ob_harakiri_writing_mode&quot;:&quot;inherit&quot;,&quot;_ob_harakiri_text_clip&quot;:&quot;none&quot;,&quot;_ob_perspektive_use&quot;:&quot;no&quot;,&quot;_ob_poopart_use&quot;:&quot;yes&quot;,&quot;_ob_shadough_use&quot;:&quot;no&quot;,&quot;_ob_allow_hoveranimator&quot;:&quot;no&quot;,&quot;_ob_widget_stalker_use&quot;:&quot;no&quot;}\" data-widget_type=\"heading.default\">\n\t\t\t\t<div class=\"elementor-widget-container\">\n\t\t\t<h2 class=\"elementor-heading-title elementor-size-default\">ICEMAN<\/h2>\t\t<\/div>\n\t\t\t\t<\/div>\n\t\t\t\t<div class=\"elementor-element elementor-element-46e08ce ob-harakiri-inherit ob-has-background-overlay elementor-widget elementor-widget-heading\" data-id=\"46e08ce\" data-element_type=\"widget\" data-settings=\"{&quot;_ob_use_harakiri&quot;:&quot;yes&quot;,&quot;_ob_harakiri_writing_mode&quot;:&quot;inherit&quot;,&quot;_ob_harakiri_text_clip&quot;:&quot;none&quot;,&quot;_ob_perspektive_use&quot;:&quot;no&quot;,&quot;_ob_poopart_use&quot;:&quot;yes&quot;,&quot;_ob_shadough_use&quot;:&quot;no&quot;,&quot;_ob_allow_hoveranimator&quot;:&quot;no&quot;,&quot;_ob_widget_stalker_use&quot;:&quot;no&quot;}\" data-widget_type=\"heading.default\">\n\t\t\t\t<div class=\"elementor-widget-container\">\n\t\t\t<h2 class=\"elementor-heading-title elementor-size-default\">-----------<\/h2>\t\t<\/div>\n\t\t\t\t<\/div>\n\t\t\t\t\t<\/div>\n\t\t<\/div>\n\t\t\t\t\t\t\t<\/div>\n\t\t<\/section>\n\t\t\t\t<div class=\"elementor-element elementor-element-3f81b6d ob-harakiri-inherit ob-has-background-overlay elementor-widget elementor-widget-text-editor\" data-id=\"3f81b6d\" data-element_type=\"widget\" data-settings=\"{&quot;_ob_use_harakiri&quot;:&quot;yes&quot;,&quot;_ob_harakiri_writing_mode&quot;:&quot;inherit&quot;,&quot;_ob_postman_use&quot;:&quot;no&quot;,&quot;_ob_perspektive_use&quot;:&quot;no&quot;,&quot;_ob_poopart_use&quot;:&quot;yes&quot;,&quot;_ob_shadough_use&quot;:&quot;no&quot;,&quot;_ob_allow_hoveranimator&quot;:&quot;no&quot;,&quot;_ob_widget_stalker_use&quot;:&quot;no&quot;}\" data-widget_type=\"text-editor.default\">\n\t\t\t\t<div class=\"elementor-widget-container\">\n\t\t\t<style>\/*! elementor - v3.7.6 - 15-09-2022 *\/\n.elementor-widget-text-editor.elementor-drop-cap-view-stacked .elementor-drop-cap{background-color:#818a91;color:#fff}.elementor-widget-text-editor.elementor-drop-cap-view-framed .elementor-drop-cap{color:#818a91;border:3px solid;background-color:transparent}.elementor-widget-text-editor:not(.elementor-drop-cap-view-default) .elementor-drop-cap{margin-top:8px}.elementor-widget-text-editor:not(.elementor-drop-cap-view-default) .elementor-drop-cap-letter{width:1em;height:1em}.elementor-widget-text-editor .elementor-drop-cap{float:left;text-align:center;line-height:1;font-size:50px}.elementor-widget-text-editor .elementor-drop-cap-letter{display:inline-block}<\/style>\t\t\t\t<p>To by\u0142 pocz\u0105tek nowego millenium, prze\u0142om roku 2000, wtedy to zrodzi\u0142a si\u0119 idea stworzenia firmy produkuj\u0105cej l\u00f3d w kostkach z dowozem do klienta. Pomys\u0142 przyjecha\u0142 z Nowej Zelandii, tam kostki lodu by\u0142y norm\u0105, sprzedawane by\u0142y w sklepach i na ka\u017cdej stacji paliw. W Polsce by\u0142a to nowo\u015b\u0107. Pocz\u0105tki naszej dzia\u0142alno\u015bci, by\u0142y bardzo trudne. Drog\u0105 pantoflow\u0105 chodzili\u015bmy, od lokalu do lokalu proponuj\u0105c w\u0142a\u015bcicielom restauracji i menagerom, wsp\u00f3\u0142prac\u0119 z nami. Cz\u0119sto s\u0142yszeli\u015bmy, rozbawienie, \u015bmiech, zdziwienie oraz pytania typu: \u2018\u2019zamro\u017con\u0105 wod\u0119 chcecie sprzedawa\u0107? My sami robimy l\u00f3d w lokalu, to si\u0119 nie przyjmie, marnujecie czas\u201d. Zostawiali\u015bmy worki z lodem dla wypr\u00f3bowania, dla zach\u0119ty i tak zbudowali\u015bmy pierwsz\u0105 baz\u0119 klient\u00f3w. W Polsce na tamte czasy l\u00f3d by\u0142 wytwarzany metoda domow\u0105, w woreczkach foliowych, czy pojemnikach plastikowych. Nikt nie s\u0142ysza\u0142 o lodzie kupowanym od producenta czy w sklepie. Owszem, zdarza\u0142o si\u0119 , \u017ce du\u017ce restauracje posiada\u0142y ma\u0142e kostkarki, ale w momencie, kiedy by\u0142y wysokie temperatury, lub du\u017ca ilo\u015b\u0107 klient\u00f3w, nie nad\u0105\u017ca\u0142y one produkowa\u0107 odpowiedniej ilo\u015bci lodu. Ten problem mo\u017cna zaobserwowa\u0107 r\u00f3wnie\u017c i dzi\u015b, szczeg\u00f3lnie podczas sezonu letniego czy du\u017cych imprez masowych.<\/p><p>St\u0105d zrodzi\u0142 si\u0119 pomys\u0142, \u017ceby stworzy\u0107 w Polsce firm\u0119 , kt\u00f3ra zaspokoi potrzeby klienta 24 godziny na dob\u0119 7 dni w tygodniu. W extremalnych warunkach dowiezie l\u00f3d w kostkach i kruszony l\u00f3d w szybkim czasie do klienta. Obs\u0142ugujemy restauracje, kluby nocne, dyskoteki, kawiarnie,, du\u017ce koncerty, wesela, bankiety. Wsz\u0119dzie tam, gdzie wyst\u0119puje zapotrzebowanie na ogromne ilo\u015bci lodu. Wielu klient\u00f3w rezygnuje dzi\u015b z zakupu kosztownej maszyny do produkcji lodu, kt\u00f3ra jest droga w eksploatacji, pobiera ca\u0142y czas pr\u0105d, wod\u0119 i wymaga regularnej kontroli serwisowej. Z w\u0142asnego do\u015bwiadczenia wiem, \u017ce w ekstremalnych warunkach, tego typu maszyny, nie produkuj\u0105 odpowiedniej ilo\u015bci lodu i bardzo cz\u0119sto ulegaj\u0105 awarii, budz\u0105c frustracje. Dlatego te\u017c staramy si\u0119 zadowoli\u0107 wszystkich wsp\u00f3\u0142pracuj\u0105cych z nami klient\u00f3w, kt\u00f3rzy pragn\u0105 zaoszcz\u0119dzi\u0107 czas i pieni\u0105dze.<br \/>Pocz\u0105tki dzia\u0142alno\u015bci wspominam z\u00a0u\u015bmiechem. Dzi\u015b wiele si\u0119 zmieni\u0142o. Przez\u00a0ten czas, powstawa\u0142y i\u00a0upada\u0142y inne konkurencyjne firmy lodowe. Warszawa ma\u00a0wiele pi\u0119knych nowych lokali gastronomicznych, kt\u00f3rych\u00a0nie\u00a0powstydzi\u0142by si\u0119 Pary\u017c, Londyn, czy\u00a0Nowy York. Zaw\u00f3d barmana wspi\u0105\u0142 si\u0119 na\u00a0wy\u017cyny sztuki mistrzowskiej, mamy naprawd\u0119 \u015bwietnych barman\u00f3w i\u00a0somelier\u00f3w.<\/p><p>W tamtym okresie, na pocz\u0105tku milenium, byli\u015bmy pierwsi w tworzeniu rynku zbytu, na l\u00f3d w kostkach, dla gastronomii w Warszawie. Jak powiedzia\u0142 kiedy\u015b Mahatma Gandhi:,, Na pocz\u0105tku Ci\u0119 ignoruj\u0105, p\u00f3\u017aniej si\u0119 z Ciebie \u015bmiej\u0105, p\u00f3\u017aniej z Tob\u0105 walcz\u0105, a p\u00f3\u017aniej wygrywasz\u201d. Dzi\u015b dostawa kostek lodu do gastronomii, szczeg\u00f3lnie w okresie letnim, czy porze ewent\u00f3w, to konieczno\u015b\u0107 udanej imprezy. Nikt nie lubi ciep\u0142ych drink\u00f3w. Klienci kt\u00f3rzy raz skorzystali ze wsp\u00f3\u0142pracy, zostawali na lata. Sta\u0142em si\u0119 rozpoznawalny przez te \u0107wier\u0107 wieku prowadzenia firmy, mo\u017ce dlatego, \u017ce uwielbiam ludzi, staram si\u0119 zawsze u\u015bmiecha\u0107 i wnosi\u0107 do klienta dobr\u0105 energi\u0119, bo sam wiem jak ci\u0119\u017cka jest praca w gastronomii. Zbudowa\u0142o si\u0119 wiele mocnych relacji kole\u017ce\u0144skich i przyjacielskich. Ka\u017cdy, kto pracuje w gastronomii, wie \u017ce ta bran\u017ca wymaga du\u017co wyrzecze\u0144, ale daje te\u017c ogromn\u0105 satysfakcj\u0119 ze wsp\u00f3\u0142pracy z lud\u017ami, pod warunkiem, \u017ce kocha si\u0119 swoj\u0105 prac\u0119.<\/p><p>L\u00f3d sta\u0142 si\u0119 cz\u0119\u015bci\u0105 mojego\u00a0\u017cycia, dzi\u015b mog\u0119 powiedzie\u0107 , nie\u00a0tylko\u00a0zawodow\u0105. Jaki\u015b czas temu, zadzwoni\u0142 do\u00a0mnie przyjaciel, to\u00a0by\u0142 \u015brodek zimy, ,,Cze\u015b\u0107 Karol, jad\u0119 wyk\u0105pa\u0107 si\u0119 w\u00a0jeziorze w\u00a0przer\u0119blu, jedziesz ze\u00a0mn\u0105 ? .Pomy\u015bla\u0142em, \u017ce\u00a0zwariowa\u0142, zima -10C , jaka k\u0105piel, stary ? Pojecha\u0142em. To\u00a0by\u0142o m\u0119skie wyzwanie, trudno odm\u00f3wi\u0107 przyjacielowi, ha\u00a0ha\u00a0haa\u2026. Zacz\u0105\u0142em morsowa\u0107 przez\u00a0ca\u0142y rok , i\u00a0takim sposobem rozpocz\u0119\u0142a si\u0119 niezwyk\u0142a przygoda i\u00a0doznania , kt\u00f3rych\u00a0nie\u00a0da si\u0119 opisa\u0107 zwyk\u0142ymi s\u0142owami. Polecam ka\u017cdemu, kto chce poprawi\u0107 swoj\u0105 kondycj\u0119 czy\u00a0stan zdrowia. Dzi\u015b, morsowanie sta\u0142o si\u0119 modne, szczeg\u00f3lnie w\u00a0czasie pandemii, kiedy ludzie szukali r\u00f3\u017cnych rozwi\u0105za\u0144 na\u00a0wzmocnienie swojej odporno\u015bci. Takim te\u017c sposobem trafi\u0142o do\u00a0mnie wielu klient\u00f3w, kt\u00f3rzy\u00a0przez\u00a0ca\u0142y rok zamawiaj\u0105 regularnie l\u00f3d, i\u00a0morsuj\u0105 w\u00a0swojej wannie, aby wzmocni\u0107 odporno\u015b\u0107 organizmu i\u00a0uchroni\u0107 si\u0119 przed\u00a0wirusami.<\/p>\t\t\t\t\t\t<\/div>\n\t\t\t\t<\/div>\n\t\t\t\t<div class=\"elementor-element elementor-element-bd897c3 ob-harakiri-inherit ob-has-background-overlay elementor-widget elementor-widget-text-editor\" data-id=\"bd897c3\" data-element_type=\"widget\" data-settings=\"{&quot;_ob_use_harakiri&quot;:&quot;yes&quot;,&quot;_ob_harakiri_writing_mode&quot;:&quot;inherit&quot;,&quot;_ob_postman_use&quot;:&quot;no&quot;,&quot;_ob_perspektive_use&quot;:&quot;no&quot;,&quot;_ob_poopart_use&quot;:&quot;yes&quot;,&quot;_ob_shadough_use&quot;:&quot;no&quot;,&quot;_ob_allow_hoveranimator&quot;:&quot;no&quot;,&quot;_ob_widget_stalker_use&quot;:&quot;no&quot;}\" data-widget_type=\"text-editor.default\">\n\t\t\t\t<div class=\"elementor-widget-container\">\n\t\t\t\t\t\t\t<p>CEO. Karol Kaliszuk<\/p>\t\t\t\t\t\t<\/div>\n\t\t\t\t<\/div>\n\t\t\t\t<div class=\"elementor-element elementor-element-0473a23 elementor-position-left elementor-vertical-align-middle ob-has-background-overlay elementor-widget elementor-widget-image-box\" data-id=\"0473a23\" data-element_type=\"widget\" id=\"cityice\" data-settings=\"{&quot;_ob_perspektive_use&quot;:&quot;no&quot;,&quot;_ob_poopart_use&quot;:&quot;yes&quot;,&quot;_ob_shadough_use&quot;:&quot;no&quot;,&quot;_ob_allow_hoveranimator&quot;:&quot;no&quot;,&quot;_ob_widget_stalker_use&quot;:&quot;no&quot;}\" data-widget_type=\"image-box.default\">\n\t\t\t\t<div class=\"elementor-widget-container\">\n\t\t\t<style>\/*! elementor - v3.7.6 - 15-09-2022 *\/\n.elementor-widget-image-box .elementor-image-box-content{width:100%}@media (min-width:768px){.elementor-widget-image-box.elementor-position-left .elementor-image-box-wrapper,.elementor-widget-image-box.elementor-position-right .elementor-image-box-wrapper{display:-webkit-box;display:-ms-flexbox;display:flex}.elementor-widget-image-box.elementor-position-right .elementor-image-box-wrapper{text-align:right;-webkit-box-orient:horizontal;-webkit-box-direction:reverse;-ms-flex-direction:row-reverse;flex-direction:row-reverse}.elementor-widget-image-box.elementor-position-left .elementor-image-box-wrapper{text-align:left;-webkit-box-orient:horizontal;-webkit-box-direction:normal;-ms-flex-direction:row;flex-direction:row}.elementor-widget-image-box.elementor-position-top .elementor-image-box-img{margin:auto}.elementor-widget-image-box.elementor-vertical-align-top .elementor-image-box-wrapper{-webkit-box-align:start;-ms-flex-align:start;align-items:flex-start}.elementor-widget-image-box.elementor-vertical-align-middle .elementor-image-box-wrapper{-webkit-box-align:center;-ms-flex-align:center;align-items:center}.elementor-widget-image-box.elementor-vertical-align-bottom .elementor-image-box-wrapper{-webkit-box-align:end;-ms-flex-align:end;align-items:flex-end}}@media (max-width:767px){.elementor-widget-image-box .elementor-image-box-img{margin-left:auto!important;margin-right:auto!important;margin-bottom:15px}}.elementor-widget-image-box .elementor-image-box-img{display:inline-block}.elementor-widget-image-box .elementor-image-box-title a{color:inherit}.elementor-widget-image-box .elementor-image-box-wrapper{text-align:center}.elementor-widget-image-box .elementor-image-box-description{margin:0}<\/style><div class=\"elementor-image-box-wrapper\"><figure class=\"elementor-image-box-img\"><img loading=\"lazy\" decoding=\"async\" width=\"1200\" height=\"479\" src=\"https:\/\/cityice.pl\/wp-content\/uploads\/2022\/09\/lod_wkostkach_warszawa.jpg\" class=\"attachment-full size-full\" alt=\"\" \/><\/figure><div class=\"elementor-image-box-content\"><h1 class=\"elementor-image-box-title\">CITY-ICE<\/h1><p class=\"elementor-image-box-description\">-----------<\/p><\/div><\/div>\t\t<\/div>\n\t\t\t\t<\/div>\n\t\t\t\t<div class=\"elementor-element elementor-element-1cbaf4a ob-harakiri-inherit ob-has-background-overlay elementor-widget elementor-widget-text-editor\" data-id=\"1cbaf4a\" data-element_type=\"widget\" data-settings=\"{&quot;_ob_use_harakiri&quot;:&quot;yes&quot;,&quot;_ob_harakiri_writing_mode&quot;:&quot;inherit&quot;,&quot;_ob_postman_use&quot;:&quot;no&quot;,&quot;_ob_perspektive_use&quot;:&quot;no&quot;,&quot;_ob_poopart_use&quot;:&quot;yes&quot;,&quot;_ob_shadough_use&quot;:&quot;no&quot;,&quot;_ob_allow_hoveranimator&quot;:&quot;no&quot;,&quot;_ob_widget_stalker_use&quot;:&quot;no&quot;}\" data-widget_type=\"text-editor.default\">\n\t\t\t\t<div class=\"elementor-widget-container\">\n\t\t\t\t\t\t\t<p>City-Ice to warszawska firma, kt\u00f3ra zajmuje si\u0119 produkcj\u0105 i dystrybucj\u0105 lodu w kostkach, kruszonego i suchego lodu. Zapewniamy na najwy\u017cszym poziomie, obs\u0142ug\u0119 warszawskich i okolicznych lokali: pub\u00f3w, restauracji, dyskotek, sal weselnych, sklep\u00f3w z rybami i owocami morza. Realizujemy zam\u00f3wienia w dzie\u0144 i w nocy. Transport lodu odbywa si\u0119 w specjalistycznych ch\u0142odniach o kontrolowanej temperaturze. Za\u0142o\u017cyciel i w\u0142a\u015bciciel firmy, dzia\u0142a w bran\u017cy gastronomicznej od 2003 r. jest r\u00f3wnie\u017c prekursorem pierwszych firm lodowych w Polsce. <\/p>\t\t\t\t\t\t<\/div>\n\t\t\t\t<\/div>\n\t\t\t\t\t<\/div>\n\t\t<\/div>\n\t\t\t\t\t\t\t<\/div>\n\t\t<\/section>\n\t\t\t\t\t\t\t<\/div>\n\t\t","protected":false},"excerpt":{"rendered":"<p>NAZYWALI MNIE ICEMAN &#8212;&#8212;&#8212;&#8211; To by\u0142 pocz\u0105tek nowego millenium, prze\u0142om roku 2000, wtedy to zrodzi\u0142a si\u0119 idea stworzenia firmy produkuj\u0105cej l\u00f3d w kostkach z dowozem do klienta. Pomys\u0142 przyjecha\u0142 z Nowej Zelandii, tam kostki lodu by\u0142y norm\u0105, sprzedawane by\u0142y w sklepach i na ka\u017cdej stacji paliw. W Polsce by\u0142a to nowo\u015b\u0107. Pocz\u0105tki naszej dzia\u0142alno\u015bci, by\u0142y [&hellip;]<\/p>\n","protected":false},"author":1,"featured_media":0,"parent":0,"menu_order":0,"comment_status":"closed","ping_status":"closed","template":"","meta":{"footnotes":""},"class_list":["post-19","page","type-page","status-publish","hentry"],"_links":{"self":[{"href":"https:\/\/cityice.pl\/index.php?rest_route=\/wp\/v2\/pages\/19","targetHints":{"allow":["GET"]}}],"collection":[{"href":"https:\/\/cityice.pl\/index.php?rest_route=\/wp\/v2\/pages"}],"about":[{"href":"https:\/\/cityice.pl\/index.php?rest_route=\/wp\/v2\/types\/page"}],"author":[{"embeddable":true,"href":"https:\/\/cityice.pl\/index.php?rest_route=\/wp\/v2\/users\/1"}],"replies":[{"embeddable":true,"href":"https:\/\/cityice.pl\/index.php?rest_route=%2Fwp%2Fv2%2Fcomments&post=19"}],"version-history":[{"count":25,"href":"https:\/\/cityice.pl\/index.php?rest_route=\/wp\/v2\/pages\/19\/revisions"}],"predecessor-version":[{"id":327,"href":"https:\/\/cityice.pl\/index.php?rest_route=\/wp\/v2\/pages\/19\/revisions\/327"}],"wp:attachment":[{"href":"https:\/\/cityice.pl\/index.php?rest_route=%2Fwp%2Fv2%2Fmedia&parent=19"}],"curies":[{"name":"wp","href":"https:\/\/api.w.org\/{rel}","templated":true}]}}